uppose 0 = 2*v + 5*t - 30, 3*t - 113 = -8*v + 3*v. Calculate the remainder when 42 is divided by v.
17
Suppose 0 = -5*j - y + 72, 5 + 61 = 4*j + 5*y. Suppose z + 12 = -n, -n = -z + 4*z + 36. What is the remainder when j is divided by 3*(-2)/9*z?
6
Suppose 168 = 3*a + g, 0*g + 3*g = 5*a - 280. What is the remainder when a is divided by 13?
4
Suppose -2*x + 4*u + 26 = 0, -x + 4*u + 12 = 3. Let h(c) = -11*c - 154. What is the remainder when h(-18) is divided by x?
10
Let j = 2393 + -2359. Let t be (-99)/(-12) - 1/4. What is the remainder when (-2)/t + (-533)/(-4) is divided by j?
31
What is the remainder when (-1)/6 + -1 + 939/18 is divided by 36?
15
Suppose -4*v = 8, 3*x - v - 315 = 2*v. Calculate the remainder when x is divided by 26.
25
Let k = 14 + -8. Suppose -7*z + 13*z = 354. What is the remainder when z is divided by k?
5
Suppose 3*i = 5*l - 27, -3*l + 2 = -5*l - 2*i. Let u be (l/(-9))/((-2)/12). Suppose 3*k - u*k = 4. Calculate the remainder when 9 is divided by k.
1
Let w = 9 + -3. Suppose -5 = -0*u + 5*u. Let v(g) = -21*g - 1. What is the remainder when v(u) is divided by w?
2
Calculate the remainder when 75/(-4)*(-448)/168 is divided by 33.
17
Let v = 2 - -2. Suppose -2*y + 16 = 2*x + x, -10 = 5*x - v*y. Suppose -x*q + 6*q = 348. Calculate the remainder when q is divided by 22.
21
Suppose 6 + 6 = 3*w, 4*w = 4*m + 64. Let p = 83 + m. Suppose 9 = 3*j, 2*l - 4*j - 36 = -0*l. Calculate the remainder when p is divided by l.
23
Calculate the remainder when 100 is divided by 2*((-44)/(-8) + -2).
2
Let w(t) be the second derivative of 13*t**5/20 + t**4/12 - t**3/6 + t**2/2 - 16*t. Calculate the remainder when 53 is divided by w(1).
11
Let f(k) = -8*k - 3 + 2 - 4 + 0. Suppose -5*z - 24 = -234. What is the remainder when z is divided by f(-2)?
9
What is the remainder when 1 + (-490)/(-8) - 3/12 is divided by 4?
2
Let f = -11 + 1. Let p be (-10)/f + -517*1. Calculate the remainder when p/(-15) + (-4)/10 is divided by 6.
4
Suppose 8 = 2*v, n + 3*n - 8 = -2*v. Suppose 3*j + 0*j - 5*g - 12 = 0, -3*g - 7 = -2*j. Calculate the remainder when (-71 + -3)*(j + n) is divided by 25.
24
Suppose -25*n - 21 + 46 = 0. What is the remainder when 70 is divided by n?
0
Suppose p = 2*p - 6. Suppose -u = o - 54, 3*o - 160 = -2*u - 0*u. What is the remainder when o is divided by ((-4)/p)/(158/162 - 1)?
25
Suppose -285 = 6*s - 321. Let c(r) = 9*r**2 + r. Calculate the remainder when c(-1) is divided by s.
2
Let n be (18/15)/((-6)/(-60)). What is the remainder when 4 is divided by (3*(-8)/n)/(-2)?
0
Let b = -686 - -665. Suppose 0*q = -q - 6. Calculate the remainder when 9/q*14/b is divided by 1.
0
Let i(z) = -28*z + 275. What is the remainder when i(8) is divided by 10?
1
Let u(n) = n. Let a = 55 - 39. Suppose 4*d - 8*d + a = 0. Calculate the remainder when d is divided by u(3).
1
Suppose -128 = -6*w + 172. What is the remainder when w is divided by (0 - 1)/(2/(-34))?
16
Let x be (-326)/4 - (-1)/2. Let j be (2 - 64) + 20/5. Let l = j - x. Calculate the remainder when l is divided by 8.
7
Suppose 0 = -o - o + 4. Suppose 0 = o*h + 19 - 71. Let a = h + -24. What is the remainder when a is divided by 1?
0
Suppose -2*r + 1 = -7. Suppose 0 = 4*m - 4*t - 56, 2*m + r*t - 46 = -0*m. What is the remainder when 32 is divided by m?
15
Suppose -3*a = 19 - 7, -4*u + 2*a = -88. Let z = -6 + 3. What is the remainder when 12/(((-6)/13)/z) is divided by u?
18
Let l = 286 - 262. Calculate the remainder when l is divided by 13.
11
Let a be 1/(3/228) + 4 + 1. What is the remainder when (70/4)/((-3)/(-18)) is divided by (6/(-18))/((4/a)/(-4))?
24
Suppose -4*m + 138 = -j, 2*m - 3*m + 2*j + 31 = 0. Calculate the remainder when 104 is divided by m.
34
Suppose 16*w - 120 = 4*w. Suppose 11*u = w*u + 19. Calculate the remainder when u is divided by 11.
8
What is the remainder when 40 is divided by (12/(-5))/(8 - (-1141)/(-140))?
8
Let a be 2/(-8) - (-66)/8. What is the remainder when 11 is divided by a/6*63/14?
5
Suppose r + 29 = l - 48, -3*l - 4*r = -245. Suppose 5*d - l = 271. Calculate the remainder when d is divided by 18.
16
Suppose 3*l + z = 11, 0*l - l - 2*z = -2. Suppose l*i - 78 = 246. What is the remainder when i is divided by 21?
18
Let b = -1786 - -1861. What is the remainder when b is divided by 42?
33
Let g = -13 - -17. Let c(h) = -h**3 + 4*h**2 + 5*h + 1. Let p be c(g). Suppose 0 = -26*t + p*t + 120. What is the remainder when t is divided by 13?
11
Let r(d) = d**2 - 3*d - 2. Let j be r(4). Suppose 0 = -j*c + 60 - 4. Calculate the remainder when 110 is divided by c.
26
What is the remainder when 11*(-1)/2*-2*2 is divided by 0 + -2 + 13 - -2?
9
Let f = 45 + 0. Suppose 3*t = t - 2*w + 24, -4*w = -3*t + 36. What is the remainder when f is divided by 2/6 - (-140)/t?
9
Suppose 0 = 5*a - 4*o - 27, 5*o + 24 = 2*a + a. Suppose p - 5 + a = 0. Calculate the remainder when (6/p - 17)*-1 is divided by 8.
6
Let c(x) be the first derivative of x**2 + 6*x - 1. Calculate the remainder when (2 + 1)*29/3 is divided by c(5).
13
Let k(d) = d**3 + 7*d**2 - 47*d. What is the remainder when 144 is divided by k(-11)?
12
Let i(z) = z**2 - 2*z + 2. Let v be i(2). Suppose -y + 66 = v*a - 4*y, -a = 3*y - 15. Let f = 232 - 154. Calculate the remainder when f is divided by a.
24
Let t = 22 + -17. Suppose -4*o + 270 = -4*p + 70, o + p = 54. Suppose 3*r + o = t*r + 4*a, 3*r - 73 = -5*a. Calculate the remainder when 45 is divided by r.
13
Let g be 0/1*(-1)/1. Suppose g*c = 4*c - 120. Let z(b) = -32*b - 73. Calculate the remainder when z(-6) is divided by c.
29
Calculate the remainder when (-3454)/(-10) + 357/595 is divided by 35.
31
Suppose r - 9 - 8 = -2*j, 2*j = -4*r + 26. Suppose -4*a + 33 = -255. Suppose -a = -6*s + 120. What is the remainder when s is divided by j?
4
Suppose -4*u + 20 = 0, 0 = 2*c + u - 0*u - 35. Suppose -3*o = -2*j - c, o + 0*j - 4*j - 15 = 0. What is the remainder when 8 is divided by o?
2
Suppose -3*z = 5*j - 7*z - 37, z - 2 = 0. What is the remainder when j is divided by 8?
1
Suppose 0 = -5*k - 5*d + 70, 0*d - 70 = -5*k - 2*d. Let x = 30 - 25. Suppose -2*y + x = -y. Calculate the remainder when k is divided by y.
4
Calculate the remainder when -3 + (-12)/9*(-567)/14 is divided by 15.
6
Let n be (-24)/(-4)*-1*2/(-6). Calculate the remainder when (0 - 3)*(n + 42/(-9)) is divided by 6.
2
Let i(a) = 3*a**2 + 25*a - 8. Let l be i(-9). Suppose -105 = -s + l. What is the remainder when s is divided by 39?
37
Let t(y) = 12*y**3 + 24 + 13*y**3 - 26*y**3 - 20*y**2 - 21*y. Calculate the remainder when t(-19) is divided by 9.
8
Suppose -741 - 463 = d. Let w be d/(-98) + 4/(-14). Suppose -74 = -2*x - w. Calculate the remainder when x is divided by 8.
7
Let o(h) = h**2 + 6*h + 6. Let w be o(-4). Let m = 1 + w. Calculate the remainder when 5 is divided by (-7)/(-7) - (m - 2).
1
Suppose -5*k - 236 = -9*k. Suppose -4*p + 93 = -p. Calculate the remainder when k is divided by p.
28
Let m = -374 - -494. What is the remainder when m is divided by 42?
36
Let v = 4 - -1. Let p = -52 + 44. What is the remainder when v is divided by p/(-3) + (-3)/(-9)?
2
Suppose -9*y + 95 = 23. Suppose -328 = -y*h - 0*h. Calculate the remainder when h is divided by 21.
20
Let h(r) = -2*r**2 - 5*r - 2. Let x be h(-4). Let m = x - -29. Let k(z) = z**3 - 2*z**2 - z - 12. Calculate the remainder when k(5) is divided by m.
13
Let b(g) be the second derivative of -g**5/20 + g**4/2 + 13*g**2/2 + 42*g. Calculate the remainder when 37 is divided by b(6).
11
Let k = 39 - 26. Let f = 92 - k. Suppose 0 = 5*l - 2*w - 94, 0 = 4*l + l - 3*w - 91. What is the remainder when f is divided by l?
19
Suppose -10 = -5*f + 10. Suppose f*q + 12 = 0, -7 = x + 2*q - 16. Calculate the remainder when 72 is divided by x.
12
Let f(z) = -4*z - 7. Let x(w) = -5*w**2 + 3*w - 1. Let k be x(3). Let q = -24 - k. What is the remainder when f(-8) is divided by q?
12
Calculate the remainder when 46 is divided by 99/11 + (-2)/1.
4
Suppose 3*j = -3*c + 39, -4*c + j = -c - 47. Calculate the remainder when 95 is divided by c.
5
Let o be 2 - (-12)/(6/2). Let c be 12/42 + (-906)/(-14). Suppose -p = 4, p = -3*v + c - o. What is the remainder when 40 is divided by v?
19
Let z = 433 - 385. What is the remainder when z is divided by 17?
14
Let h(o) = 2*o**2 + 2*o. Suppos